Determine d(1).
2
Let y(w) = 2*w + 1. Let o(g) = -4*g - 1. Let c(r) = 4*o(r) + 9*y(r). Determine c(-4).
-3
Let u(o) = -o**2 - 7*o - 7. Let j(s) = s + 3. Let n be j(-10). Calculate u(n).
-7
Let c(q) = q**2 - 3*q + 1. Let i = 12 + -4. Suppose 7*z - 3*z - i = 0. Determine c(z).
-1
Let v(c) = 4*c**2 + 7*c + 3. Let o(w) = -2*w**2 + 4*w + 1. Let a(f) = -f**2 + f. Let r(l) = 3*a(l) - o(l). Let j(i) = -5*r(i) - v(i). Give j(3).
5
Let b(i) = -5*i**2 - 28*i + 9. Let h(j) = j**2 + 7*j - 2. Let c(z) = -2*b(z) - 9*h(z). Let f be ((-9)/(-12))/(2/16). Calculate c(f).
-6
Let v(x) be the second derivative of 1/20*x**5 + 3*x - 3*x**2 + 7/12*x**4 + 0 + 7/6*x**3. Determine v(-6).
-12
Let z(v) be the third derivative of 7*v**6/120 + v**5/60 - v**4/24 + 2*v**2. Suppose -q + 2*i = 9, -3*q - i + 2 = -6*q. Calculate z(q).
7
Let d(l) = -4*l**3 + 2*l**2 + 2*l + 1. Let h = -15 + 23. Let s(x) = -h*x + 2*x + 1 - 2 + x**2. Let a be s(6). Calculate d(a).
5
Let d(f) = f**3 - 2*f. Let m be d(2). Let c(x) be the first derivative of -x**3/3 + 2*x**2 - 6*x + 6. Determine c(m).
-6
Let n be (-10)/(-4) + (-4)/(-8). Let t(l) = -l - l**2 + l + n - 2*l - 1. Let g = -8 - -5. Give t(g).
-1
Let a = -56 + 61. Suppose -g + 3*v + 5 = 1, -20 = -5*g - 3*v. Let r(z) = z**2 + g*z + 2 + 0*z**2 - 2*z**2. Give r(a).
-3
Let b(k) = -k**3 + 4*k**2 + 6*k - 6. Let i be b(5). Let j(t) = t - 1. Let w(z) = 6*z - 1 + 2*z**2 - 4 - 1 - 1. Let p(y) = 6*j(y) - w(y). Calculate p(i).
-1
Let o(p) be the second derivative of -p**5/20 + p**4/12 + p**3/2 - p**2 + 7*p. Give o(2).
0
Let g = -23 + 18. Let x(o) = 2*o. Determine x(g).
-10
Let h(z) = -z**2 - 5*z - 2. Let q(b) = 2*b**2 + 2*b - 4. Let j be q(-3). Suppose -j*t + 4*t = -8. Suppose 14 = -4*f + t. Give h(f).
4
Suppose -d - 2 = d. Let p(n) = 6*n**2 + 2*n + 1. Determine p(d).
5
Let o be (-4 + (5 - 1))/(-1). Let k(s) = s + 2. What is k(o)?
2
Let m(d) be the second derivative of -d + 1/12*d**4 + 0*d**3 - 1/2*d**2 + 0. What is m(-1)?
0
Let i(a) = a - 2. Let h be i(-11). Let f = 18 + h. Let x(l) = -l**2 + 6*l + 2. Calculate x(f).
7
Let k = -3 - -5. Let s(f) = 3*f. Let d(t) = -4*t + 1. Let x(w) = k*d(w) + 3*s(w). Determine x(-3).
-1
Let p(m) be the third derivative of -m**6/60 + m**5/60 - m**4/12 + m**3/6 - 3*m**2. Give p(1).
-2
Let h(s) = -s**3 + 4*s**2 - 3*s + 4. Let p = 7 - 4. Determine h(p).
4
Let i(k) = -2*k - 2. Let u(x) = 6*x**2 + 36*x + 21. Let b(t) = -t**2 - 7*t - 4. Let l(v) = -11*b(v) - 2*u(v). Let d be l(5). Calculate i(d).
-6
Suppose -l + 3*x = -0*x + 5, 2*x + 1 = 5*l. Let c(p) = -l - 4*p**2 + p**2 + 8*p**2 - 4*p**2. Determine c(-1).
0
Let m(r) = -r - 7. Suppose 10*v - 6 = 13*v. Let u be -1 + v + 0/3. Give m(u).
-4
Suppose -5*r + 4 = -1. Let y(x) = -2*x**2 + x. Determine y(r).
-1
Let g(r) = r**2 + 3 + 2*r - 4 - 3*r**2 - 3*r. Determine g(-2).
-7
Suppose -v - 8 = -5*r, -3*r + 4 = -2*v - 5. Let b(j) = 0*j + j**2 - 7*j - r + 2. What is b(6)?
-5
Let f(a) = 3*a + 1. Let n be 5/(-1)*6/(-10). Give f(n).
10
Let s(h) = -3 - 27*h + 8 + 24*h. Calculate s(7).
-16
Let f(d) be the first derivative of d**2 + 2*d + 1. Calculate f(-6).
-10
Suppose 23 = 2*w - 3*g, -8 = -w + 4*w + 4*g. Let k(c) = c + 3*c - 4*c**2 + c**3 - c - w. Let s(n) = -n + 13. Let v be s(10). What is k(v)?
-4
Let n(q) = 7*q - 1. Let z = 64 - 65. Determine n(z).
-8
Let y be ((-1)/2)/(2/(-28)). Let s be 1/4 - y/(-4). Let q(v) = 2*v**2 - 35*v**3 + 33*v**3 - v + 2*v. Determine q(s).
-6
Let i = -132 + 131. Let y(h) = h. Determine y(i).
-1
Let z(k) = 3*k**2 + 2*k + 1. Let j be z(-1). Let y(b) = 2*b**j - 47 + 47 + 3*b. What is y(-2)?
2
Let k be 3/(-9)*1*-15. Let i(u) = k + 4*u - 2*u - 2*u + u. Determine i(-6).
-1
Let z be (3/(-2))/(78/(-104)). Let v(k) = 3*k + 1. Determine v(z).
7
Let n(s) = 9 - s**3 + 3*s**2 - 10*s + 3*s**2 + 0*s**3 + 4*s**2. Calculate n(9).
0
Let h(j) = j**2 - j - 2. Let v(q) = q**3 + 2*q**2 + 2*q + 1. Suppose 0*k + k = -1. Let t be v(k). Suppose -a = -t - 3. What is h(a)?
4
Let y(c) = -c**3 - 7*c**2 - 5*c. Suppose 4*o + 18 = o. What is y(o)?
-6
Let m(u) = 5*u**3 + 11*u**2 + 7*u + 4. Let a(h) = 4*h**3 + 10*h**2 + 7*h + 3. Let w be -4 + (-2 + 6 - 3). Let o(p) = w*m(p) + 4*a(p). What is o(-5)?
15
Suppose -3*i = b - 8, 5*i - 8 - 6 = -b. Let d(p) = -2*p - 4. What is d(i)?
-10
Let p(i) = i**2 - 3*i + 3. Let b(s) = 3*s**3 + s**2 - 4*s - 2. Let a(d) = 5*d**3 + 3*d**2 - 7*d - 3. Let l(w) = 4*a(w) - 7*b(w). Let m be l(5). Give p(m).
1
Suppose 2*i + 32 = 4*i. Let h = 10 - i. Let v be (-6)/4*4/h. Let w(u) = 2*u**3 + 2*u**2 - 2*u + 1. Determine w(v).
3
Let z(h) = -6*h - 100 + 101 - 7*h. Calculate z(1).
-12
Let p be (9/(0 - -3))/3. Let v(r) = -5*r**2 - r + 1. Determine v(p).
-5
Let x(k) = -k - 2. Let r be x(-3). Let b(n) = 1. Let a(d) = 4*d**2 + d + 5. Let f(w) = -a(w) + 6*b(w). Let l(i) = i**2. Let j(o) = -f(o) - 3*l(o). Give j(r).
1
Let t(j) = j - 6*j**2 + 107*j**3 - 108*j**3 + j + 8. Calculate t(-6).
-4
Let k = 20 - 22. Let d(w) = -w**3 - 2*w**2 - 2*w - 2. Determine d(k).
2
Let s(a) = a**3 - 8*a**2 - a + 1. Suppose -18 + 66 = 6*f. What is s(f)?
-7
Let t(q) = -q**2 - q + 2. Suppose -17 = -3*u - h + 2*h, u - 2*h = 14. Suppose f = -3*d - 9, 4*d + 15 = u*f - d. Give t(f).
2
Let h(k) = -k**3 + 5*k**2 + k - 6. Let t(u) = u**3 + 11*u**2 - 13*u + 3. Let j be t(-12). Let c = j - -1. Suppose c = 4*a - 4. Determine h(a).
-1
Suppose 2*t - 3*u + 19 = 7*t, -3*u + 3 = -3*t. Let v(m) be the second derivative of m**6/720 + m**4/6 + m. Let d(h) be the third derivative of v(h). Give d(t).
2
Let j(t) = 6*t - 2*t + 4 - 3*t + 6. Calculate j(0).
10
Suppose -5*d - 2*t + 60 = 3*t, -3*d - 5*t = -44. Let n be d/(-2)*5/(-10). Let w = -3 - n. Let m(l) = -3*l - 6. Give m(w).
9
Let i(z) = 13*z**3 - z**2. Let l(k) be the third derivative of -k**6/120 - k**5/60 - k**4/24 - 5*k**2. Let b be l(-1). Give i(b).
12
Let s(o) = 7*o**3 - 6*o**3 + o - o**2 + 2*o**2. Suppose 2*u + 5 = 19. Suppose 0 = -y + w - 4, 2*y + u + 13 = 5*w. What is s(y)?
0
Let r(v) = v**3 + 2. Suppose q + 10 = -5*x + 3*q, -20 = 4*x - 4*q. Determine r(x).
2
Let s(a) be the first derivative of a**3/3 - a**2 + 2*a - 2. Let m be s(3). Let q(g) be the second derivative of g**3/6 - 5*g**2/2 - g. Determine q(m).
0
Let u(c) = -4*c**2 - c**2 + 4*c**2 - 5*c - c**2. Give u(-4).
-12
Let r be ((-72)/21)/6 + 309/504. Let o(n) be the third derivative of 1/6*n**3 + 0 + 3*n**2 + r*n**4 + 0*n. Calculate o(-4).
-3
Let p(k) = 8*k**2 - k. Let r(z) = 3*z**2 - 5*z + 1. Let t be r(4). Let w(g) = 2*g - 13. Let b be w(11). Suppose l + b = 2*m, -5*l = -l + 5*m - t. What is p(l)?
7
Let v = -7 + -5. Let q = 17 + v. Suppose -7*y = -3*y - q*r - 19, 1 = 4*y + r. Let n(m) = -5*m + 1. Calculate n(y).
-4
Let h(x) = -x**3 - 6*x**2 - x + 4. Let t be (11/(44/(-24)))/1. What is h(t)?
10
Let q(x) = 3 + 5 + 4 - 3*x - 4. Give q(6).
-10
Let b(w) = 4*w - 2*w - 10 + 0*w - w. Give b(5).
-5
Let h(m) = m**2 - 5*m + 5. Let f(o) be the third derivative of o**5/60 + 5*o**4/12 + 13*o**3/6 + 2*o**2. Let t be f(-9). Calculate h(t).
1
Suppose b + 3 = -2*b. Let m(t) = 3*t**3 + 2*t**2 + t. Calculate m(b).
-2
Let u(g) be the third derivative of -g**7/840 - g**6/72 - g**4/12 + g**3/6 + 2*g**2. Let c(z) be the first derivative of u(z). Let n = -11 - -6. Give c(n).
-2
Let x(f) = -5*f - 9. Let o(l) = -11*l - 19. Let d(t) = -4*o(t) + 9*x(t). Give d(-7).
2
Let k(y) = -y**3 + y**2 + y - 3. Suppose 3*i + 3*a = 18, -7*i = -3*i - 2*a. Suppose f = i*f. Determine k(f).
-3
Let v(o) = o**2 - 2*o + 2. Suppose -2*s + 6 = 2*m, -3*s - 4*m = m - 7. What is v(s)?
10
Let o = -1 + 8. Let r(y) = y**2 - 8*y + 7. Determine r(o).
0
Let z(d) = d**3 - 5*d**2 + 5*d - 2. Let x be z(4). Let h(j) = j + 3*j**3 + j**2 - 2*j**x - 2*j - 2*j**3 + 3. Give h(0).
3
Let f(s) = 7 + 11 - 5*s - 2*s**2 - 14. Calculate f(-4).
-8
Let g(k) = -4*k + 24. Let p be g(6). Let c(u) = u**3 + u**2 + 3*u - 10. Let w(h) = -4*h**3 - 4*h**2 - 10*h + 30. Let x(m) = -7*c(m) - 2*w(m). Give x(p).
10
Suppose -4*p = 5*b + 1, 0 = -3*p + 3*b + 5 + 1. Let z(x) = -8*x - p - 3 + 7*x. Calculate z(5).
-9
Let v(t) = t**3 + 4*t**2 + 4*t - 1. Let f(p) = -p**2 - 7*p - 9. Let q = 9 + -6. Suppose -l = -4*h + q*l - 24, -h = l + 6. Let d be f(h). Determine v(d).
-4
Let a = 13 + -9. Suppose l + a = 3*l. Let w(f) = 2*f**2 - f + 2. Give w(l).
8
Suppose 2*y + 0*y = 0. Let w(o) be the second derivative of 